n) = 3*n - 3. Let x = -16 + 11. Let m = -1 - x. Suppose 4*a = a - r - 9, -4*a = -m*r + 12. Determine k(a).
-12
Let w(x) = -x**2 - x - 1. Let i(z) = z**3 + 5*z**2 + 5*z + 2. Let s(l) = -i(l) - 4*w(l). Give s(-2).
8
Let w(z) = 2*z**2 - z. Let f(a) = -3*a**2 + 6*a + 2. Let b(u) = -f(u) - 2*w(u). Let s be (5/2)/(3/(-6)). Calculate b(s).
-7
Let x be 1*3/6*0. Suppose -6 = r - x. Let k be (1/(-2))/(r/12). Let v(q) = -5*q**3 - q**2 + 2*q - 1. Give v(k).
-5
Let j be (6 + -21)/(6/(-4)). Let p(x) = x**3 - x**2 + 4. Let v be p(0). Suppose r + j = -v*r. Let o(f) = f**2 - f - 2. Determine o(r).
4
Let m(n) = 6*n - 3. Let v(t) = -t**3 + 3*t**2 + 6*t - 6. Let l be v(4). Give m(l).
9
Suppose -4*z = 9 + 11. Let l(n) = n**2 + 5*n - 2. Determine l(z).
-2
Suppose 4*p - l = -3, -p = 3*l - 1 + 18. Let u(j) = -3*j**2 - 3*j - 1. Give u(p).
-7
Let y(b) = -b**2 - 10*b - 13. Let x be y(-8). Let m(w) = -w**3 + 4*w**2 - 4*w + 2. Give m(x).
-1
Let y(v) = v + 1. Let a(b) = -1. Let z(r) = -2*a(r) + y(r). Suppose -4 = 2*i + 2*i, -t - 2*i = -26. Let k be (-4)/14 + (-104)/t. Calculate z(k).
-1
Suppose -2*z - 2 = 2*v + 2*z, 3*v = 4*z - 3. Let k = v - 1. Let n(b) = 4*b + 2. What is n(k)?
-6
Let x(f) = f. Let w(y) = -y**3 + 3*y**2 + 4*y + 4. Let v be w(4). What is x(v)?
4
Let f(p) = p**2 - p + 3. Let x be f(0). Let g(y) = 2*y - 9. Let i(k) = 6*k - 4*k - 5*k + 10 + 0*k. Let q(h) = x*i(h) + 4*g(h). Determine q(0).
-6
Let x(s) be the second derivative of -s**5/20 + s**4/4 - s**3/3 + s**2 + s. Let y = 2 - 5. Let f = y - -5. Calculate x(f).
2
Let z be (-2)/((-2)/3) - (0 - 2). Let y(b) = b**3 - 5*b**2 - 3*b. Give y(z).
-15
Suppose -25 = 5*h - 25. Let o be 6*(0 + (-1)/(-2)). Let u(r) = -2*r + o + 1 - r**2 + r. Give u(h).
4
Suppose -2*q - 22 = -4*x - 10, 2*q + 3 = -5*x. Let a be (-2 - -2) + -4 + x. Let o(g) = -7*g + 1 + 4*g - 2*g**2 + 0*g. Give o(a).
-8
Let d be ((-2)/(-4)*0)/(-1). Let m = d - 0. Let k(f) be the second derivative of -f**4/12 + 5*f**2/2 + 9*f. What is k(m)?
5
Let v(w) = 2*w**2 + 4*w - 2. Let d(t) = 18*t + 50. Let i be d(-3). What is v(i)?
14
Let q(g) = -g**2 + 5*g + 4 - 1 - 2*g**2 + 5*g**2. Give q(-3).
6
Suppose -5*m + 3 = -2*m. Let b(j) be the first derivative of -j**6/20 - j**3/6 - j**2 - 1. Let w(k) be the second derivative of b(k). Determine w(m).
-7
Suppose -4 = 4*y + 3*z, 1 = -y - 0*z - z. Let g(a) = a. Calculate g(y).
-1
Let g(q) = q**2 - q. Let r(j) = -16*j - 32. Let o be r(-2). What is g(o)?
0
Suppose -32*n + 50 = -22*n. Let a(d) be the first derivative of -d**3/3 + 5*d**2/2 - 4*d + 1. Calculate a(n).
-4
Let t(y) be the first derivative of -y**3/3 - 3*y**2/2 + 5*y - 5. Give t(-6).
-13
Let d(x) = -7*x - 7*x - x - 4*x. Calculate d(1).
-19
Let r(n) = -n**2 - 7*n. Let b be (-28 - -26)*1*(-7)/(-2). Calculate r(b).
0
Suppose 0 = 2*y - 0*y + 18. Let o be ((-6)/y)/(1/24). Suppose -n + 0 = 5*h + o, -5*h = -3*n + 12. Let i(w) = -3*w**3 + w**2. Give i(n).
4
Suppose 4*p = 3*p + 7. Let u be -2 - p*3/(-3). Let y(l) = l**2 - 6*l + 4. Calculate y(u).
-1
Suppose 3*o = 2*c + 7*o + 14, -4*o = -4*c + 8. Let n(r) = 0*r + 12*r**2 - 8*r**2 - r. Give n(c).
5
Suppose -5*w + 7 - 2 = 5*m, 7 = 3*w + 5*m. Let z(o) = 5*o**3 + 2*o + 1. Calculate z(w).
-6
Suppose 3*t - 1 = 5. Let k(c) be the second derivative of 3/2*c**t - c + 0 - 1/12*c**4 + 1/2*c**3. Calculate k(-2).
-7
Suppose 2*f = 5*f - 6, 3*n - 4*f - 10 = 0. Suppose -5*p - r = r - n, -2*r - 14 = -5*p. Let t(l) = -3*l**2 + 2*l**p + 2*l + l**2 - 3*l**2. Determine t(2).
-8
Let m(y) = y + 2. Let b be m(-1). Let p(h) = -5*h + 5. Let z(u) = -4*u + 4. Let d(n) = -3*p(n) + 4*z(n). Give d(b).
0
Let o(z) = z + 3. Suppose -73 = -19*t - 16. Determine o(t).
6
Let b(h) = h**3 + 5*h**2 + 4*h - 1. Let q = 16 - 20. Determine b(q).
-1
Let k(i) = 0 + 4 + 12*i - 5. Let j(a) = 11*a - 1. Let n(t) = 4*j(t) - 3*k(t). Determine n(1).
7
Let c(q) = q + 4. Suppose -5*r - r - 11*r = 0. Calculate c(r).
4
Let l(v) be the third derivative of 0*v + 1/30*v**5 - 1/120*v**6 + 1/24*v**4 - 4*v**2 + 0 - 1/6*v**3. What is l(2)?
1
Let u be -2 + (5 - (2 + 0)). Let d be (2 + -2)/((-2)/u). Let q(y) = -y + 3. What is q(d)?
3
Let l(r) = r**3 + 6*r**2 + 4*r - 6. Let q(h) = -h**3 + 3*h**2 - 2*h + 4. Let c be q(3). Let w = -3 + c. Calculate l(w).
-1
Let c = -19/3 + 7. Let u(w) be the second derivative of -1/2*w**2 - w + c*w**3 + 0. Calculate u(3).
11
Let u(c) be the third derivative of c**6/120 - c**4/24 + c**3/6 + c**2. Let l be (-2)/(-3)*3 - 2. Let k be 0/(1/(l - 1)). What is u(k)?
1
Let h(i) = -i**2 - i - 2. Let v be h(0). Let s(o) = o**2 + o**2 + 2*o - 4*o**2 + 3 + 3*o**2. Determine s(v).
3
Suppose 0*x = -4*x. Suppose x = 3*i - 4*i + 2. Let p(d) = -d**2 + 2. What is p(i)?
-2
Let k(y) = -y**3 - 3*y**2 + 4*y + 5. Let o = 6 - 1. Suppose 2*s - o*s = 12. Determine k(s).
5
Let o be ((-1)/(-2) - 4)*(3 - 1). Let b(r) = r**2 + 7*r + 9. Determine b(o).
9
Let n(d) = 2*d**2 + 3 - 11*d + 8*d - 4*d**2. Calculate n(2).
-11
Let a(g) = 4*g**2 + 6*g + 4. Let r(h) = -h**2 + h - 1. Let v(i) = -a(i) - 5*r(i). Let d be v(11). Let m(p) = 9*p**3 + 3*p - 2*p**2 + 0*p**2 - p - 1. Give m(d).
8
Let g be 10/(-3)*(-6)/5. Suppose n - 5*n = 0. Let q(v) = 2 + 2 - v**2 - 3 + n*v + 5*v. What is q(g)?
5
Let g(c) be the first derivative of c**4/4 + 2*c**3 + 7*c**2/2 + 2*c + 30. What is g(-5)?
-8
Let g(j) = j**2 + 2*j - 7. Let f = -7 + 31. Suppose -3*n + 9 = f. Determine g(n).
8
Let w(u) = -4*u - 15. Let x(v) = -4*v - 14. Let t(q) = 5*w(q) - 6*x(q). Let y(l) = 7*l + 19. Let a(h) = -5*t(h) + 3*y(h). Determine a(0).
12
Let g(n) be the second derivative of -3*n**2 + 5/6*n**3 + 1/12*n**4 + 2*n + 0. Give g(-5).
-6
Let z(l) = -3 - 3*l**2 - 6 - 4*l + 2*l**2 + 3. Determine z(-5).
-11
Let r(t) = 4*t**3 + 3*t**2 - t. Let l(j) = -5*j**3 - 3*j**2 - 1. Let n = -6 + 3. Let x(y) = n*l(y) - 4*r(y). Let p = -3 + -1. What is x(p)?
3
Let b = -20 - -28. Let q(k) = -8*k - 2*k**3 + 11*k**2 + b + k**3 + 0*k**2 - 4*k**2. Give q(6).
-4
Let b(z) = 2*z + 7. Let m be (-3 - (1 + -5)) + 12. Suppose -q + 2*u - 1 = 3*u, q = 2*u - m. Give b(q).
-3
Let v be (32/(-10))/(5/(-25)). Let h = 10 - v. Let t be 74/(-14) + h/(-21). Let g(i) = -i**2 - 5*i - 5. What is g(t)?
-5
Suppose 3*i + 12 = 3*y, 2*y - 3*i - 12 = 6*y. Suppose 0 = -y*u + 3*u. Let l(a) = -a**2 - 2*a - 3. Let x(n) = -n + 1. Let o(w) = -l(w) + 3*x(w). Give o(u).
6
Let m be (-5)/((-15)/9) + 0. Let n(j) = -5*j**2 - 12*j + 5. Let o(l) = 3*l**2 + 8*l - 3. Let a(h) = -5*n(h) - 8*o(h). Determine a(m).
-4
Let j(l) = l**2 + 4*l - 2. Suppose b - 4*b = -48. Let c = 11 - b. Calculate j(c).
3
Let r = 12 + -8. Suppose -r*v + v = 0. Let a(c) = c**2 - c + 5. Calculate a(v).
5
Let r(v) be the second derivative of v**4/12 + 2*v**3/3 - 9*v. Give r(-3).
-3
Suppose -4*y - 1 = -x, 0*y + 9 = x + 4*y. Suppose -v = 5*w - 0*w - 75, -x*v = w + 9. Suppose 0*i = -4*i - w. Let z(u) = u**2 + 3*u. What is z(i)?
4
Let d be (1 + 0)*(-3 - 1). Let n = 0 + d. Let b(s) = 2 - 2*s + 3*s - 1. Give b(n).
-3
Let l be (10/4)/(3/(-6)). Let n = -4 - l. Let p(a) = a**3 + 0 + n - 2*a**2 + 0*a**2 + 1. Give p(2).
2
Let z(x) = -x**2 - 7*x + 1. Let h = -12 - -17. Suppose 4*i + h*n - 33 = -3, n + 13 = 3*i. Suppose 0 = y + i + 1. Determine z(y).
7
Let m(k) = -1 + 4*k + 1 + k**3 + k**2 - 5*k. Calculate m(2).
10
Let k(p) be the second derivative of p**4/12 + 5*p**3/6 + 15*p. Give k(-4).
-4
Let n(t) = 5*t - 3. Let f be n(1). Let k(u) = 2*u**2 - 4. What is k(f)?
4
Let p(u) be the third derivative of -u**4/24 + u**3/6 + 4*u**2. Calculate p(4).
-3
Let u(j) = -4*j**2 - j. Suppose -2*i - 6 = 4*i. Determine u(i).
-3
Let l(s) = -s**2 - 8*s - 2. Let d(z) = -7*z + 4. Let j be d(-4). Let u be (-4)/(j/12 - 2). What is l(u)?
10
Let f(s) = 11*s**3 - 11*s**2 - 3*s + 8. Let d(w) = -7*w**3 + 7*w**2 + 2*w - 5. Let p(z) = -8*d(z) - 5*f(z). Give p(-2).
-10
Let i(a) = -1 + 9*a + 2*a - 12*a**3 + 0*a**2 - 12*a - a**2. What is i(-1)?
11
Let i(v) = v**2 - 2*v - 3. Let p be i(5). Suppose -4*r + p = -r. Let h(a) = -2*a + 6. Determine h(r).
-2
Suppose 4*q + 7 = 3*z, -5*q + q + 2*z = 2. Let y = 3 + q. Suppose 10 = -y*g - 0*g. Let v(f) = 3*f**2 + 2*f + 1. Give v(g).
9
Let u(z) be the first derivative of 5 + z**2 + 1/3*z**3 - 2*z. Determine u(-4).
6
Let p(f) = f**2 + 7*f + 9. Let b be p(-6). Suppose 5*l - 5*s - 24 = 6, -2*s = -b*l + 16. Let x(g) = -g**3 + 4*g**2 - 3*g + 4. What 